.
2, 13
Let w = -878 - -2632. List the prime factors of w.
2, 877
Suppose 7*p - 3*p = 40. Suppose -g - p = g. List the prime factors of (7 + g)/(4/54).
3
Suppose 4*u = -0*u + 4*q + 220, 4*u + 2*q - 220 = 0. Let d be (u/22)/((-10)/(-8)). Suppose 4*m = d*m + 54. What are the prime factors of m?
3
Let w(k) = -23*k - 1. Let r be w(-4). Suppose -4*v - 111 = -3*c, 5*c - 168 = -54*v + 55*v. Suppose c = 2*p - r. What are the prime factors of p?
2, 31
Let y(k) = -21*k**3 - 56*k**2 - 8*k + 10. List the prime factors of y(-5).
3, 5, 17
Let v = 724 + -56. What are the prime factors of v?
2, 167
What are the prime factors of 65/((-4)/(-6) + (-5)/30)?
2, 5, 13
Let p(l) be the second derivative of -4*l**3 + l**2/2 + 9*l. What are the prime factors of p(-4)?
97
Suppose 4*b - 4*f = 1376, 2*b - 178 = -4*f + 498. What are the prime factors of b?
2, 3, 19
Let k = -7 - -133. Suppose k + 234 = 4*u. What are the prime factors of u?
2, 3, 5
Suppose 369*p + 1260 = 374*p. List the prime factors of p.
2, 3, 7
Suppose q - 2000 = -4*q + 5*k, -4*q = 4*k - 1640. List the prime factors of q.
3, 5
Let m(z) = -7*z - 2 + 5 - 6 - 7*z**2 + 0 - z**3. Let q be m(-6). List the prime factors of 3/((-3)/(-4)) + q.
7
Let f(l) = -l**3 + 22*l**2 - 14*l - 41. List the prime factors of f(20).
479
Suppose 2*x - 66 = 216. List the prime factors of x.
3, 47
Let l(d) = 410*d - 1226. List the prime factors of l(14).
2, 37, 61
Let n = -3 - -7. Suppose -n*j = -3*g - 19, -5*g + 5*j - 4*j = 26. List the prime factors of ((-22)/g)/((-2)/(-5)).
11
Let d = 6401 - 4158. What are the prime factors of d?
2243
Let x(s) = 3*s**2 - 1. Let n be x(6). Suppose -n = -2*q + 167. What are the prime factors of q?
137
Suppose -4*n + 108 = -2*n. Let x = 115 - n. Suppose 2*a + 3*c - 46 = 0, -4*a + 173 = -4*c + x. List the prime factors of a.
2, 13
Let b be (60/(-16))/((-1)/124). Let g = b - 329. What are the prime factors of g?
2, 17
Let r(c) = -89*c**2 - 2*c - 2. Let s be r(-1). Let z = s + 215. List the prime factors of z.
2, 3, 7
Suppose -7*i + 3*i = -64. Let k = -31 + i. List the prime factors of k/(-2) - 11/22.
7
Let c be (-4)/26 - (-165)/143. Suppose -2*d - 2*s = -14, -c = d - 5*s + 10. Suppose d - 22 = -3*m. List the prime factors of m.
2, 3
Let r(y) = -4*y**2 + 1. Let b be r(-4). Let k = -36 - b. What are the prime factors of k?
3
Let c(k) = -3*k + 1. Let g be c(-3). Suppose -3*h = 2*h - g. Suppose 19 = h*r - 3. What are the prime factors of r?
11
Let x = -1721 - -2613. What are the prime factors of x?
2, 223
Let z be ((-9)/18)/(1/38). Let k = z + 35. What are the prime factors of k + -3 + (-6)/(-2)?
2
Let g(m) = -3*m**3 - 4*m**2 + 11*m + 23. What are the prime factors of g(-4)?
107
Suppose 5*k + 1242 = 8262. List the prime factors of k.
2, 3, 13
Suppose 3 = -5*l + 4*d + 88, -4*l + 68 = 3*d. Let g = l - 15. Suppose g*b + 21 = 97. List the prime factors of b.
2, 19
Let z = 26 + -22. Let b(a) = 2*a + 2*a + 17*a - z. List the prime factors of b(1).
17
List the prime factors of 9/(18/1412) + (-2 - 2).
2, 3, 13
Let x = -21 + 300. Let d = x - 107. List the prime factors of d.
2, 43
Suppose 6*y = 11*y - 1615. Suppose -5*f + y = -967. List the prime factors of f.
2, 3, 43
Suppose -x = -3 + 5, 0 = 2*j + 5*x + 34. What are the prime factors of 55 - j/(-9)*-3?
59
Let q(x) = -5*x. Let p be q(7). Let y = p + 67. Let c = 52 - y. What are the prime factors of c?
2, 5
Let j(s) = s**3 - 5*s**2 - 6*s + 7. Let h = 18 + -11. Let c be j(h). What are the prime factors of 1463/c - (-2)/(-9)?
23
Suppose -42 = -5*j + 3*j. Let q(n) = -n**3 + 21*n**2 + 6*n + 28. What are the prime factors of q(j)?
2, 7, 11
Let u(r) = 57*r - 56. Let y be u(7). Let s = y - 232. What are the prime factors of s?
3, 37
Let p(n) = -n**3 - 27*n**2 + 53*n + 12. What are the prime factors of p(-32)?
2, 859
List the prime factors of (396/(-77))/9 + (-2251)/(-7).
3, 107
Let t = -36 - -102. Suppose 2*m - 8*m + t = 0. What are the prime factors of m?
11
Let b(r) = 416*r**3 - r**2 - 2*r + 3. List the prime factors of b(1).
2, 13
Suppose n = -1 - 0. Let p(s) = -14*s**3 - s. Let a be p(n). Suppose 4*w - 59 = -a. What are the prime factors of w?
11
Let u(i) = -i**3 - 6*i**2 + 15*i - 11. Let w be u(-8). Let l = w - -37. What are the prime factors of l?
2, 17
Let o = -59 + 142. Let u = -6 + o. List the prime factors of u.
7, 11
Let w(d) = -1 + 2 + 17*d**2 - 15*d**2 + 12*d + 18. What are the prime factors of w(-12)?
163
Suppose -15104 = -19*o - 4084. List the prime factors of o.
2, 5, 29
Let d be (-2)/2 - (0 + 1). Let h(v) = -v + 40 - 38 + 266*v**2 - 267*v**2 - 9*v**3. List the prime factors of h(d).
2, 3
Let z be (-56)/(-12)*(-3)/(-2). Suppose -9 = 2*d - 5*m, -2*m - z + 17 = 0. Suppose -d*g + 34 = -302. List the prime factors of g.
2, 3, 7
Let o be 45 + 11 + (5 - 2). Let f = o + 0. What are the prime factors of f?
59
Let v(s) = -s**3 + 2*s**2 + 40*s + 72. What are the prime factors of v(-15)?
3, 7, 157
Let q = 166 - 100. Suppose -2*r + 324 = 3*w, w + 96 = r - q. Suppose 5*a - r + 52 = 0. What are the prime factors of a?
2, 11
What are the prime factors of ((-1890)/(-36))/(6/64*2)?
2, 5, 7
Suppose -5*w - 2 = 4*l, -4*w - 5*l - 11 = -4. Suppose -1 - 2 = -3*i + w*t, 6 = 5*i - 3*t. What are the prime factors of i?
3
Let v(j) = 2 + j**2 - 2*j - 7 + 6. Let i be v(2). What are the prime factors of (i/2)/((-1)/(-56))?
2, 7
Suppose 5*v - 4091 = -436. List the prime factors of v.
17, 43
Let l(g) = -1 + g + 2 - 3 + 4. What are the prime factors of l(11)?
13
What are the prime factors of 1/(6/27*8/3792)?
3, 79
Let j be ((32/(-4))/2)/1. Let n(k) = -k + 1. Let x(l) = l**2 + 13*l + 3. Let u(t) = -3*n(t) - x(t). What are the prime factors of u(j)?
2, 3
Let w(u) = -73*u - 28. Suppose -6*b - 17 - 7 = 0. What are the prime factors of w(b)?
2, 3, 11
Let r(b) = -b**2 + 6*b - 12. Let d be r(11). Let i = d + 118. What are the prime factors of i?
3, 17
Suppose 0 = -3*o + 4*o + 5*h - 33, -3*o = 5*h - 49. Suppose -2*d + o = 4*s - 0, -s = -2*d - 12. Suppose 0*q - 84 = -s*q. List the prime factors of q.
3, 7
Let i = 1 - 3. Suppose -5*x - 37 - 13 = 0. What are the prime factors of -1*((-5 - i) + x)?
13
Let w(g) = 3*g**2 - g - 7. Let l(x) = 1. Let k(r) = -l(r) + w(r). What are the prime factors of k(6)?
2, 47
Let g(d) = -11*d + 4 + 2*d - 14. Suppose -f + 2*f - h = -9, 4*h = -3*f + 1. List the prime factors of g(f).
5, 7
Suppose -9*r + 12415 = -4640. What are the prime factors of r?
5, 379
Let a be (0 - (2 - 0))/((-6)/9). Let p = 44 - a. List the prime factors of p.
41
Let u = 5 + -2. Suppose u*g - 16 = -4*t, -3*t + 12 + 0 = -4*g. What are the prime factors of t?
2
Let c = -525 - -924. What are the prime factors of c?
3, 7, 19
Suppose -a + 31 = -3*f - 14, -f = 2*a - 118. What are the prime factors of a?
3, 19
Suppose 3*f - 903 = -5*b + 2*b, 20 = 4*b. Suppose 3*c + v = 195 + 221, -2*c = -4*v - f. What are the prime factors of c?
2, 5, 7
Suppose -9*l = -11*l + 132. Suppose y - 13 = -49. Let m = y + l. What are the prime factors of m?
2, 3, 5
What are the prime factors of ((-6045)/(-104))/(4/32)?
3, 5, 31
Suppose -o + 2*o = 2*q + 355, -o + 4*q = -347. List the prime factors of o.
3, 11
List the prime factors of -5*(1 - (-6)/(-3)) + 16.
3, 7
Let m(g) be the third derivative of -g**6/120 - g**5/60 + 3*g**4/8 - 23*g**3/6 + 28*g**2. What are the prime factors of m(-7)?
2, 13
What are the prime factors of (-1140)/(-19)*(31 + 0)?
2, 3, 5, 31
Suppose -19 = -2*i + 3*o, 5*i + 0*o + 5 = -3*o. Suppose t + i*j = 0, -t + 0*t + 18 = -4*j. What are the prime factors of (21/t - 4)*-46?
23
Let b = -8 + 14. Let k(h) = -h**2 + 6*h + 3. Let t be k(b). Suppose -t*m = -0 - 60. List the prime factors of m.
2, 5
List the prime factors of (7542/(-15))/(-1) - 5/(-25).
503
Let f = -73 + 65. Let n(x) = -x**3 - 2*x**2 + 19*x + 4. List the prime factors of n(f).
2, 59
Suppose 0 = -3*b + 3*k, 0 = 2*b + 5*k + 1 + 6. Let w = b + 4. Suppose w*h - 84 = -0*h. What are the prime factors of h?
2, 7
Let v(l) = -186*l + 14. Let p be v(-5). What are the prime factors of (0 + 6)*p/96?
59
Let p = -3100 + 5217. What are the prime factors of p?
29, 73
List the prime factors of (-7)/5 + 110811/215.
2, 257
Let w = 45 - 64. Let i = 21 + w. Suppose -47 = -i*x + 47. What are the prime factors of x?
47
Suppose 4*m - 5*m = -100. List the prime factors